 k(-45)?
-90
Let s(y) = 43*y - 4092. Determine s(115).
853
Let l(v) = -198*v - 12221. Give l(-62).
55
Let t(c) = -c**3 - 16*c**2 + 7339*c - 576. Give t(78).
-30
Let a(i) = 8*i**3 - 53*i**2 - 87*i - 619. Give a(9).
137
Let i(t) = -65*t**3 + 586*t**2 - 346*t + 3028. Give i(9).
-5
Let y(a) = 44477*a + 2446164. What is y(-55)?
-71
Let c(p) = -3*p**3 - 68*p**2 + 1078*p + 24209. Calculate c(-23).
-56
Let g(k) = 823*k - 270769. What is g(329)?
-2
Let q(n) = -252*n**3 - 2*n**2 - 759*n + 761. Calculate q(1).
-252
Let s(t) = -12131*t - 169815. Calculate s(-14).
19
Let m(d) = -33*d**2 - 6197*d + 33164. Give m(-193).
-32
Let p(a) = a**3 + 61*a**2 + 388*a - 107. Give p(-53).
1801
Let a(b) = 379*b - 43969. What is a(116)?
-5
Let z(a) = 15*a**3 + 9*a**2 - 26*a + 79. Give z(3).
487
Let g(f) = -813*f - 7564. Give g(-11).
1379
Let w(v) = -9244*v + 184896. Give w(20).
16
Let x(z) = -964*z - 12103. What is x(-12)?
-535
Let c(o) = 30*o**2 - 38*o + 460. Give c(11).
3672
Let z(p) = -1063*p - 416845. Determine z(-392).
-149
Let d(r) = 70*r**3 - 1749*r**2 - 1827*r - 467. What is d(26)?
27
Let c(o) = o**3 - 412*o**2 + 2838*o - 1213. Determine c(405).
2
Let m(p) = -p**3 - 2*p**2 + 56*p - 458. Calculate m(8).
-650
Let u(s) = 3147*s + 320982. Calculate u(-102).
-12
Let q(j) = -j**3 + 209*j**2 - 186*j - 46757. What is q(207)?
439
Let i(k) = -88*k - 406. Give i(11).
-1374
Let y(v) = -688*v**2 + 178191*v + 310. What is y(259)?
51
Let c(p) = -p**2 + 777*p - 67131. Determine c(99).
-9
Let k(g) = -4*g**3 + 63*g**2 - 42*g + 381. Determine k(14).
1165
Let k(s) = -60155*s - 300708. Calculate k(-5).
67
Let j(m) = -m**2 + 63*m + 1433. Calculate j(77).
355
Let f(r) = -r**3 + 89*r**2 - 640*r - 512. Calculate f(81).
136
Let m(g) = -62*g**2 - 1506*g - 9162. What is m(-12)?
-18
Let o(n) = -27*n**2 - 434*n - 799. Determine o(-15).
-364
Let t(d) = 459*d + 124384. Give t(-271).
-5
Let x(o) = -2458*o + 243352. Give x(99).
10
Let m(x) = 1910*x + 7408. Determine m(-4).
-232
Let a(p) = -6797*p - 284741. Give a(-42).
733
Let w(j) = -j**3 + 40*j**2 - 345*j - 483. Calculate w(15).
-33
Let n(a) = -a**3 + 86*a**2 + 66*a - 19773. Give n(84).
-117
Let p(n) = -6*n**2 + 77*n - 691. Give p(8).
-459
Let g(a) = a**3 + 26*a**2 - 3860*a - 15797. Determine g(-4).
-5
Let r(t) = 41*t**3 - 681*t**2 - 284*t + 210. Calculate r(17).
6
Let u(c) = 554*c - 4633. Calculate u(8).
-201
Let q(j) = 18*j**3 - 141*j**2 + 29*j - 475. Give q(8).
-51
Let j(o) = 247*o**2 + 8889*o - 87. What is j(-36)?
21
Let v(r) = r - 1533. Give v(126).
-1407
Let o(a) = -1130*a - 127602. Determine o(-113).
88
Let t(y) = y**2 + 118*y + 3356. What is t(-41)?
199
Let z(v) = -2*v**3 + 967*v**2 - 8529*v - 127. Give z(9).
-19
Let p(a) = -1805*a**2 - 54135*a + 439. What is p(-30)?
-11
Let a(r) = r**2 + 596*r - 6658. Determine a(11).
19
Let b(q) = -144*q - 1587. Calculate b(-13).
285
Let j(s) = -s**3 - 12*s**2 + 732*s - 340. Give j(23).
-2019
Let d(s) = 282*s - 16439. What is d(62)?
1045
Let l(i) = -1777*i - 5508. Calculate l(-4).
1600
Let t(o) = o**3 - 8*o**2 - 256*o + 2549. Give t(11).
96
Let j(p) = -36947*p + 73920. Determine j(2).
26
Let q(l) = 29725*l - 1218722. Calculate q(41).
3
Let z(v) = -v**3 + 31*v**2 - 36*v - 52. What is z(31)?
-1168
Let j(c) = -4616*c + 230713. What is j(50)?
-87
Let h(b) = -b**3 - 2*b**2 - 3177*b - 9524. Determine h(-3).
16
Let n(c) = -2*c**3 - 343*c**2 + 4019*c - 54. Calculate n(11).
-10
Let r(l) = 2*l**2 - 60*l - 10338. Calculate r(90).
462
Let b(o) = -95*o**2 + 592*o - 923. Calculate b(3).
-2
Let x(a) = -a**2 - 24234*a + 630792. Determine x(26).
32
Let r(v) = -v**3 - 1474*v**2 - 13225*v - 367. Give r(-9).
-7
Let t(o) = o**2 - 1270*o - 38496. What is t(-30)?
504
Let l(o) = 6*o**2 - 104*o - 3160. What is l(33)?
-58
Let i(w) = -181*w - 4392. What is i(-24)?
-48
Let n(a) = 5*a**3 + 16*a**2 + 806*a + 4061. What is n(-5)?
-194
Let s(y) = 109*y**2 + 32*y + 130. What is s(-3)?
1015
Let c(t) = -27386*t + 821578. Calculate c(30).
-2
Let o(w) = 687348*w - 3436737. Give o(5).
3
Let l(m) = -8*m**3 + 266*m**2 - 53*m - 110. Calculate l(33).
319
Let u(t) = -t**3 + 9*t**2 + 1214*t - 9867. Determine u(8).
-91
Let c(o) = -2*o**2 - 1855*o - 22108. Give c(-12).
-136
Let u(f) = 5*f**3 + 76*f**2 - 9*f + 37. Determine u(-15).
397
Let w(z) = -2*z**3 + 163*z**2 - 434*z + 1030. Give w(79).
-2051
Let m(r) = 3808*r + 41743. Give m(-11).
-145
Let x(s) = 1648*s - 48414. What is x(29)?
-622
Let v(h) = -h**3 - 148*h**2 - 425*h - 63007. What is v(-148)?
-107
Let f(t) = 12563*t - 2135720. Determine f(170).
-10
Let c(k) = -13*k**2 - 213*k - 120. Calculate c(-16).
-40
Let a(i) = -4*i**2 + 168*i + 2911. Calculate a(-14).
-225
Let v(o) = 324636*o + 649334. What is v(-2)?
62
Let h(w) = 2*w**3 + 2*w**2 - 3455*w + 16970. Determine h(5).
-5
Let o(p) = 15*p**2 + 79*p - 220. Determine o(-4).
-296
Let y(d) = 4*d**2 - 559*d - 5992. Give y(-10).
-2
Let l(i) = 544*i**2 + 10403*i + 1273. Determine l(-19).
0
Let c(x) = -174*x + 19494. Give c(102).
1746
Let z(u) = -35*u**3 + 163*u**2 - 75*u + 1. Calculate z(4).
69
Let t(q) = 96*q**3 - 11709*q**2 - 355*q - 1380. Determine t(122).
-38
Let z(p) = 3*p**2 - 69*p - 163. What is z(25)?
-13
Let k(r) = -68916*r + 10888727. What is k(158)?
-1
Let w(u) = 8*u**3 + 23*u**2 - 42*u - 130. Give w(-10).
-5410
Let p(z) = z**3 - 109*z**2 + 683*z + 1006. What is p(102)?
-2156
Let g(w) = -867*w**3 + 22*w**2 - 24*w - 48. Determine g(-1).
865
Let d(g) = 26*g**3 + 1120*g**2 + 92*g + 45. What is d(-43)?
-213
Let x(n) = -10326*n**2 + 309780*n - 5. Determine x(30).
-5
Let h(w) = 179278*w - 3406288. Give h(19).
-6
Let u(h) = 302*h + 4650. Determine u(-18).
-786
Let i(n) = 2*n**3 - 45*n**2 + 101*n - 1791. Determine i(22).
-53
Let y(a) = -3*a**2 - 131*a - 1000. Determine y(-10).
10
Let m(c) = 9996*c - 79942. Give m(8).
26
Let p(f) = -f**3 + 20*f**2 + 557*f - 1749. Give p(35).
-629
Let r(p) = 1187*p + 8649. Determine r(-9).
-2034
Let k(b) = 3407*b + 17066. Calculate k(-5).
31
Let j(u) = u**3 + 157*u**2 - 6719*u + 243. Determine j(-192).
51
Let a(g) = g**3 - 219*g**2 - 251*g + 1248. What is a(-3)?
3
Let u(d) = -4*d**3 + 335*d**2 - 2540*d + 13993. Determine u(76).
9
Let d(g) = -4*g**2 - 78*g - 378. Give d(-5).
-88
Let q(r) = 2351*r**3 + 4704*r**2 + 11*r. Determine q(-2).
-14
Let f(n) = -6*n**3 - 335*n**2 + 97*n + 2352. What is f(-56)?
56
Let w(d) = 1529296*d - 33644519. What is w(22)?
-7
Let n(o) = -52*o**2 + 155*o + 16. Give n(3).
13
Let r(b) = 708*b - 36417. Give r(58).
4647
Let l(z) = -2*z**3 + 8*z**2 - 66*z + 538. Give l(6).
-2
Let i(u) = 80518*u - 1449336. Calculate i(18).
-12
Let j(i) = 2*i**3 + 60*i**2 + 1682*i + 47083. Calculate j(-29).
-13
Let y(r) = -r**2 + 7066*r + 964813. Give y(-134).
13
Let c(h) = -2*h**3 + 135*h**2 - 238*h - 5700. Give c(65).
-45
Let j(k) = -27*k**3 + 26*k**2 - 168*k - 194. Determine j(-1).
27
Let y(f) = -8*f**3 - 90*f**2 - 28*f - 134. Determine y(-11).
-68
Let f(u) = 210967*u + 39239858. What is f(-186)?
-4
Let l(k) = -7*k**2 + 355*k + 23860. Give l(89).
8
Let h(k) = -k**2 - 354*k + 5575. Calculate h(15).
40
Let s(m) = -5*m**2 - 599*m + 16428. Calculate s(23).
6
Let g(o) = -9*o - 638. Calculate g(-48).
-206
Let b(s) = 20*s**2 - 578*s - 20. Give b(29).
38
Let t(k) = -8*k**3 + 24*k**2 - 15*k + 165. Calculate t(0).
165
Let n(k) = 5346*k + 449111. Give n(-84).
47
Let i(k) = -133*k**2 + 9182*k - 569. Determine i(69).
-224
Let q(p) = -6*p**2 - 2980*p - 20795. Give q(-7).
-229
Let c(r) = -12*r**3 + 3*r**2 - 78*r + 9. Give c(-8).
6969
Let h(k) = -3*k**3 + 22*k**2 - 323*k + 2222. Determine h(7).
10
Let c(n) = -2*n**3 - 248*n**2 - 1413*n + 337. Give c(-118).
-17
Let j(c) = 3269*c + 32695. What is j(-10)?
5
Let s(q) = 7983260*q - 47899569. Calculate s(6).
-9
Let q(y) = -717*y**3 + 49*y**2 - 41*y - 7. Give q(1).
-716
Let w(t) = 2*t**3 - 30*t**2 - 216*t + 644. Determine w(17).
-1872
Let i(p) = 7451*p + 52084. Calculate i(-7).
-73
Let u(b) = -2*b**2 + 10384*b - 82962. What is u(8)?
-18
Let h(q) = q**2 + 10413*q - 5422281. What is h(497)?
-11
Let o(z) = 301*z**2 + 1231*z + 56. Calculate o(-4).
-52
Let r(o) = 58*o**2 + 170*o + 171. Calculate r(6).
3279
Let p(t) = t**3 - 13*t**2 - 50*t + 74. Calculate p(17).
380
Let o(i) = 19*i**2 + 129*i + 312. Give o(-6).
222
Let d(q) = q**2 - 272*q + 7877. What is d(40)?
-1403
Let g(n) = 34*n**2